e factors of i(-11)?
19, 23
What are the prime factors of (-13)/(260/(-268))*125?
5, 67
Let b(v) = -v**3 - 2*v + 640. What are the prime factors of b(0)?
2, 5
Let y = 27 - -4. Suppose -b - y = -4*w, -4*w - 7*b = -3*b - 36. List the prime factors of w/2*(-8)/(-1).
2
Suppose -18 = -5*h + 4*j, 5*h + 2*j - 2 = -2*j. What are the prime factors of h/4 + 137*6/4?
2, 103
Suppose 4*s = 6*s + 130. Let c = s - -130. List the prime factors of c.
5, 13
What are the prime factors of (-180)/2430 - (147748/(-54) - -1)?
5, 547
Let a(s) = -s**3 - 7*s**2 + 9*s + 11. Let z(y) be the first derivative of -y**3/3 - 3*y**2/2 + 2*y + 8. Let r be z(-5). What are the prime factors of a(r)?
3
Let f(u) = 3*u**2 - 9*u - 36. Let q(x) = 3*x - x**2 - 9*x + 2*x**2 + 3*x - 12. Let y(o) = -6*f(o) + 17*q(o). What are the prime factors of y(5)?
2
What are the prime factors of 1/((-4)/(-1583)) - (-105)/420?
2, 3, 11
Let r(p) = p - 1. Let m(q) = -3*q + 116. Let t(s) = m(s) + r(s). Let f be t(0). Suppose 3*z - 2*j - 31 - 38 = 0, -2*j + f = 5*z. List the prime factors of z.
23
Suppose -5*z - 8 = -6*z. What are the prime factors of z?
2
Let f(c) = 7*c - 52 - 8*c + 56. List the prime factors of f(-13).
17
List the prime factors of 2022/9*(-14)/(308/(-99)).
3, 337
Let n(s) = 7*s + 18. Let t be n(9). Suppose 3*u = -230 + 77. Let a = t + u. List the prime factors of a.
2, 3, 5
List the prime factors of 17*-14*(27/(-6) - -4).
7, 17
Let b(l) be the first derivative of l**4/4 + l**3 + 4*l**2 - 4*l - 3. Let v be b(-6). List the prime factors of 3/9 - v/6.
3
Suppose 0 = -2*w - 8*o + 12*o + 126, -o + 72 = w. What are the prime factors of w?
3, 23
Suppose -2*d + 36 = -4*w, -5*d + 14 + 6 = 4*w. Suppose 4*z + 6*q - q - 80 = 0, 0 = -2*q + d. What are the prime factors of z?
3, 5
Let o = 2 - 8. Let x be (o/10)/(1/(-5)). Suppose 0 = 3*u + 3*y - 48, -x*y = -2*y + 1. List the prime factors of u.
17
Suppose 10*t - 15 = 5*t. Let c be (-10)/10 + 17 + -1. Suppose -t*r + 165 = c. List the prime factors of r.
2, 5
What are the prime factors of ((-80)/(-60))/(1/465)?
2, 5, 31
Suppose 0 = p - 0 - 2. Let h be 3/9*(-5 + p). What are the prime factors of (5 + h)*(-95)/(-10)?
2, 19
Let u(i) = i**2 + 5*i - 2. Suppose -18 = 2*b - 0. Let c = -16 - b. List the prime factors of u(c).
2, 3
List the prime factors of (4/10)/((-5)/(-4300)).
2, 43
Let q(d) = 6*d**2 + 5*d - 10. Let p be q(5). Let k = p - 94. What are the prime factors of k?
71
Suppose -4*w + 866 = -1874. List the prime factors of w.
5, 137
Suppose -24 - 16 = -5*v + 4*s, 0 = -3*v + 2*s + 22. Let m be (2 - (-3 + v))*1. Let z(f) = 7*f + 1. List the prime factors of z(m).
2
Suppose -5*k - 8910 = -5*t, 0*k + 1782 = t - 4*k. List the prime factors of t.
2, 3, 11
Let c(w) = -w**2 + 5*w - 2. Let s be c(4). Suppose -s*g = -5*g + 6. Suppose r - 40 = g*o - 0*o, r - 43 = 5*o. List the prime factors of r.
2, 19
Suppose -4*a + 7*a + 564 = n, 0 = -n + a + 568. What are the prime factors of n?
2, 3, 5, 19
Suppose -6*j = 64*j - 47530. What are the prime factors of j?
7, 97
Let u(c) = -c**2 - 66*c - 98. List the prime factors of u(-32).
2, 3, 5, 11
Let k(l) = -l**3 - 10*l**2 + 4*l + 27. Let i be k(-7). Let n = -79 - i. List the prime factors of n.
3, 23
Suppose -5*n + 0*n = 0. Let m(v) = 2*v - 4 + 3*v + n*v + 3*v. List the prime factors of m(4).
2, 7
Let i(v) = -2*v**3 - 18*v**2 - 24. List the prime factors of i(-13).
2, 83
Suppose 3*l = 91 + 254. Let c be 2*(21/2 + -2). Suppose 3*f = -2*v + 52 + c, -3*v - l = -5*f. What are the prime factors of f?
23
Let g(l) = 129*l + 66. What are the prime factors of g(6)?
2, 3, 5, 7
Suppose 31 = 3*j + 1. Let h(v) = v - 6. What are the prime factors of h(j)?
2
Suppose 0 = -29*x + 82543 - 6505. List the prime factors of x.
2, 3, 19, 23
Let o(m) = -m**2 - 8*m - 14. Let l be o(-12). Let k be 0 + 2/1 - l. Let q = 91 - k. What are the prime factors of q?
3
Let y(x) = -x**2 - 9*x + 5. Suppose 24 = -4*r - 12. Let w be y(r). Suppose w = 2*a - 11. List the prime factors of a.
2
Suppose 14*f = 6*f + 5016. Suppose 5*i = 10, -3*q - 2*q + f = -4*i. List the prime factors of q.
127
Suppose 40 = l - 3*h, 2*l - 5*h - 30 = 45. Let o = l - 18. Let t(j) = -j**2 + 6*j + 9. What are the prime factors of t(o)?
2
Suppose -21394 = -42*g - 2662. List the prime factors of g.
2, 223
Let z be (1/3)/(6/18). Let a(b) = -1. Let h(o) = 21*o + 3. Let r(t) = 2*a(t) + h(t). What are the prime factors of r(z)?
2, 11
Suppose 4*v - 20 = 0, -3*a + 5*v - v = -12886. List the prime factors of a.
2, 3, 239
Suppose -5*i = -3*o + 525, -4*i - 554 + 136 = -2*o. Let t = i - -262. List the prime factors of t.
2, 5
Suppose -t + 1 = -w, 9*w - 3 = 3*t + 4*w. What are the prime factors of t + (0 + 5)*7?
3, 13
Suppose -y - 2 = 0, 5*y + 1249 = 3*f - 11796. What are the prime factors of f?
5, 11, 79
Suppose 33*o - 1540 = 29*o. Let p = o - 251. What are the prime factors of p?
2, 67
Suppose 0 = -2*w - 11 + 17. Suppose -w*v + 5 = -13. Let j(u) = 5*u - 8. List the prime factors of j(v).
2, 11
Suppose -8 = 4*r + 8, 0 = -3*l - 2*r - 2. Let a(k) = -k + 1. Let x be a(1). Suppose o + 5*j - 24 = x, -l*j + j - 59 = -2*o. What are the prime factors of o?
29
Let f(u) = -9*u + 57. Let g be f(6). List the prime factors of 2/(g/(-81)*-1).
2, 3
Suppose 662 = 5*w - 3*q - 128, 3*q + 307 = 2*w. What are the prime factors of w?
7, 23
Let j(k) = 6*k**3 + 2*k + 3. Let f(x) = x**3 - 5*x**2 + 3*x + 2. Let z be f(4). Let b be j(z). Let n = -34 - b. What are the prime factors of n?
3, 5
Suppose 0 = 3*v - 2*v - 4. Suppose 73 - 469 = v*m. List the prime factors of ((-6)/(-9))/((-3)/m).
2, 11
Let r be (128/48)/(2/9). Let k(a) = -a**2 + 13*a - 9. Let x be k(r). Suppose 0 = x*t - 4*t + 6. List the prime factors of t.
2, 3
Let q(y) = 4*y - 2. Let d be q(1). Suppose 440 = d*c + 4*u, -3*c - 2*u + 880 = c. List the prime factors of c.
2, 5, 11
Suppose -4*s = 3*k + 117, 235 = -5*s + 4*k + 50. Let g = s - -24. List the prime factors of (-2)/9 - 74/g.
2
Let i = -37 + 34. Let v = i + 3. Suppose -f + v*f = -s - 28, 3*s - 164 = -5*f. List the prime factors of f.
31
Let q = 12514 - 6162. What are the prime factors of q?
2, 397
Let p(l) be the second derivative of 17*l**3/6 + 19*l**2 - 17*l. What are the prime factors of p(9)?
191
Let s(p) be the second derivative of p**5/60 + p**4/24 + p**3/2 - 7*p**2/2 - 5*p. Let h(g) be the first derivative of s(g). What are the prime factors of h(-8)?
59
Suppose 4*p + x = 3*p - 1, 4*p - 5*x = 32. Suppose 3*q - 573 = 4*k, -6*q + 3*q + p*k = -576. Suppose -r = 4*r - q. What are the prime factors of r?
3, 13
Let s(x) = x**3 + 10*x**2 + 10*x - 2. Let a be s(-7). Suppose 3*j - 6*w + a = -2*w, 2*w + 15 = -j. What are the prime factors of (86/6)/((-7)/j)?
43
Suppose 0*u + 168 = -7*u. List the prime factors of u/60 - 482/(-5).
2, 3
Suppose 1068 = -168*v + 171*v. What are the prime factors of v?
2, 89
Suppose r - 4*w = -14, -2*r = -2*w - 3 + 1. Suppose 1500 = -r*u + 16*u. What are the prime factors of u?
2, 3, 5
Let u be (-81)/(-8) - (-2)/(-16). Suppose -3*h = -u*h + 497. What are the prime factors of h?
71
Let h = -33 - -46. Let c(v) = -2*v + 4. Let r be c(-3). Let a = h - r. What are the prime factors of a?
3
Suppose 50*p - 31806 = 19*p. List the prime factors of p.
2, 3, 19
Let c(r) = 5*r**2 - 119*r + 3. List the prime factors of c(39).
3, 23, 43
Suppose -z = -3 - 3. Let o = z + 23. List the prime factors of o.
29
Suppose 44*a = -2326 + 45490. What are the prime factors of a?
3, 109
Let n be 340/25 - 8/(-20). Let l = 19 - n. Suppose -l*b + 7*b = 72. List the prime factors of b.
2, 3
Suppose 60*j - 66820 - 54620 = 0. What are the prime factors of j?
2, 11, 23
Let d(h) = h - 10. Let f be d(9). Suppose -2*z = -3*z + 15. Let c = f + z. List the prime factors of c.
2, 7
Let g = -1307 - -1907. List the prime factors of g.
2, 3, 5
Let k = 2771 - 859. List the prime factors of k.
2, 239
Let h(v) = -v**3 + 4*v**2 + 10*v - 8. Suppose 25 = -3*d + 40. List the prime factors of h(d).
17
Let l = 978 - 504. What are the prime factors of l?
2, 3, 79
What are the prime factors of 609/(-2)*(-20)/15*2?
2, 7, 29
Suppose 11*q = 10*q + 240. Let n be (9/(-4))/((-9)/q). Suppose n = 4*o + 4*w, o + w - 32 = -o. List the prime factors of o.
17
List the prime factors of (-36 - -37)/((-1)/(-2522)).
2, 13, 97
Let x = -2 + 5. Supp